omposite number?
False
Is 463387 a composite number?
False
Is 47070187 composite?
True
Is 105224677 prime?
True
Is 99884777 composite?
False
Is 2310131 a prime number?
False
Is 23466683 prime?
False
Is 2794481 prime?
True
Is 25855321 composite?
False
Is 7960219 a composite number?
True
Is 8821723 a prime number?
False
Is 1477579 a prime number?
False
Is 160270751 a composite number?
False
Is 6926159 a prime number?
False
Is 836516441 prime?
False
Is 330010637 a prime number?
False
Is 10561379 composite?
False
Is 4542067 prime?
False
Is 473565167 a composite number?
True
Is 15762287 prime?
True
Is 2477387 a composite number?
True
Is 1253437 composite?
False
Is 2852303 a composite number?
False
Is 4234651 a prime number?
True
Is 18969647 a composite number?
False
Is 69291971 composite?
True
Is 148299 prime?
False
Is 55151897 composite?
False
Is 9656057 composite?
False
Is 3374251 prime?
True
Is 1769842 a prime number?
False
Is 91842365 composite?
True
Is 142897163 a prime number?
True
Is 343324277 a composite number?
False
Is 7111333 composite?
True
Is 11841451 prime?
False
Is 2435987 a prime number?
False
Is 4223341 prime?
False
Is 5285767 a prime number?
True
Is 49526909 a composite number?
False
Is 1172657 prime?
True
Is 500693 composite?
False
Is 1461973 a composite number?
False
Is 8131034 a composite number?
True
Is 25024687 a prime number?
False
Is 5718659 composite?
False
Is 7969943 composite?
False
Is 8533877 prime?
False
Is 627857 a composite number?
True
Is 65546738 a composite number?
True
Is 518479 prime?
False
Is 61944205 a composite number?
True
Is 247749681 prime?
False
Is 186477287 a prime number?
True
Is 117168941 a composite number?
False
Is 248719 prime?
True
Is 18043505 a composite number?
True
Is 46567771 a prime number?
False
Is 242591 a prime number?
True
Is 6543953 a prime number?
False
Is 4002703 prime?
False
Is 2039497 a composite number?
True
Is 26230037 a composite number?
True
Is 8126953 a prime number?
True
Is 2996377 prime?
True
Is 9764837 a prime number?
False
Is 14509349 a prime number?
True
Is 3328697 a prime number?
True
Is 42630371 composite?
True
Is 128329121 a composite number?
True
Is 106177 prime?
False
Is 46704893 composite?
False
Is 18877153 a composite number?
True
Is 128594749 composite?
True
Is 267097 prime?
True
Is 4320187 composite?
False
Is 27115073 a composite number?
True
Is 17352107 prime?
False
Is 12467489 prime?
True
Is 1509727 a composite number?
False
Is 7409531 a composite number?
False
Is 1958929 a prime number?
False
Is 36142783 composite?
False
Is 19821 composite?
True
Is 174502861 a prime number?
False
Is 8648677 a composite number?
False
Is 88021607 a prime number?
True
Is 9204953 prime?
True
Is 1158497 a prime number?
False
Is 3524327 prime?
False
Is 89366 prime?
False
Is 135471859 composite?
False
Is 11315117 prime?
False
Is 28898633 composite?
True
Is 436382 a composite number?
True
Is 31290949 a composite number?
False
Is 160565623 a composite number?
False
Is 13093931 a prime number?
True
Is 242892253 a composite number?
True
Is 16775927 a composite number?
True
Is 3544043 prime?
True
Is 319873891 a prime number?
True
Is 52395947 composite?
False
Is 31099741 a composite number?
False
Is 76664503 a prime number?
True
Is 562577 a prime number?
True
Is 66146071 a prime number?
False
Is 383171 a composite number?
False
Is 22368829 prime?
False
Is 793013 a composite number?
True
Is 74087219 a prime number?
True
Is 36694627 composite?
True
Is 7039969 composite?
True
Is 2879011 prime?
False
Is 1511441 composite?
False
Is 4043057 a composite number?
True
Is 426527 prime?
True
Is 444665063 prime?
True
Is 1559279 a composite number?
True
Is 371791633 a composite number?
False
Is 101192219 a prime number?
False
Is 3240607 a prime number?
True
Is 132776101 a prime number?
True
Is 179372927 prime?
True
Is 79421437 composite?
False
Is 470756513 a composite number?
True
Is 1976099 a composite number?
False
Is 11043895 prime?
False
Is 29894587 composite?
False
Is 156981014 prime?
False
Is 52326881 prime?
True
Is 1296871139 composite?
False
Is 9592399 a prime number?
False
Is 53285417 composite?
False
Is 13752681 prime?
False
Is 2544121 prime?
True
Is 986729 a composite number?
False
Is 35351149 prime?
True
Is 10162561 a prime number?
False
Is 4205519 composite?
True
Is 33445333 a prime number?
False
Is 149856943 prime?
True
Is 454009 a prime number?
True
Is 2431807 composite?
True
Is 18013373 composite?
True
Is 249324562 composite?
True
Is 1763701 a composite number?
False
Is 23990717 prime?
True
Is 747169 a prime number?
False
Is 55588157 prime?
False
Is 7127783 a prime number?
False
Is 2737373 composite?
True
Is 16881023 a composite number?
False
Is 69985 composite?
True
Is 2707559 composite?
False
Is 81882211 prime?
True
Is 8431357 prime?
False
Is 57186509 a composite number?
True
Is 367919 a composite number?
True
Is 8766839 composite?
True
Is 1401187 a prime number?
True
Is 254994143 prime?
True
Is 141795653 composite?
False
Is 12929019 a prime number?
False
Is 39555067 composite?
False
Is 85957283 composite?
True
Is 178334183 composite?
False
Is 2576053 a composite number?
False
Is 172177 composite?
True
Is 14303561 prime?
False
Is 510955 composite?
True
Is 56205862 prime?
False
Is 1895939 prime?
True
Is 9732599 a prime number?
True
Is 1107811 a prime number?
True
Is 1395715 prime?
False
Is 158638 prime?
False
Is 25229487 prime?
False
Is 75946263 prime?
False
Is 187343701 a composite number?
False
Is 66125261 a composite number?
True
Is 112943881 prime?
False
Is 18499249 a composite number?
True
Is 3473177 a composite number?
False
Is 2171581 a prime number?
False
Is 597031 a composite number?
False
Is 332811887 a prime number?
True
Is 601011569 a prime number?
True
Is 31277927 composite?
False
Is 8107819 a prime number?
False
Is 61361701 prime?
False
Is 305640763 composite?
True
Is 32133243 a prime number?
False
Is 2070973 prime?
True
Is 10835347 a prime number?
False
Is 6657533 a prime number?
True
Is 10680361 a prime number?
False
Is 625949 prime?
False
Is 2179241 a composite number?
False
Is 5222717 a prime number?
False
Is 568423 a composite number?
True
Is 34496681 a composite number?
True
Is 87169111 a composite number?
False
Is 26113643 a prime number?
False
Is 146360597 composite?
True
Is 2035547 composite?
True
Is 80550031 composite?
True
Is 1103339 composite?
False
Is 22049297 prime?
True
Is 7273443 prime?
False
Is 53362979 a prime number?
True
Is 155528201 composite?
False
Is 56063 prime?
False
Is 808553 prime?
True
Is 380227 a prime number?
False
Is 2902843 composite?
True
Is 69200407 a composite number?
False
Is 10548535 prime?
False
Is 24536357 a prime number?
True
Is 8051513 a prime number?
False
Is 4275679 a composite number?
False
Is 2865797 prime?
False
Is 4841953 a composite number?
True
Is 432584983 a prime number?
False
Is 52065899 a composite number?
False
Is 178670806 a prime number?
False
Is 20296141 prime?
True
Is 3083279 a composite number?
False
Is 7253923 composite?
True
Is 88138513 composite?
True
Is 6917201 composite?
False
Is 12396453 composite?
True
Is 60549089 prime?
True
Is 1480837 composite?
False
Is 19864163 composite?
True
Is 58374317 a prime number?
False
Is 7524119 a composite number?
False
Is 1578749 a prime number?
True
Is 120306289 a prime number?
False
Is 47625737 a composite number?
True
Is 47936797 a composite number?
True
Is 7592251 a composite number?
True
Is 28081451 prime?
False
Is 2107697 prime?
False
Is 4683919 composite?
False
Is 18524827 a prime number?
False
Is 2372317661 prime?
False
Is 19466957 a composite number?
False
Is 1051697 a prime number?
True
Is 5016413 a prime number?
True
Is 5980831 prime?
False
Is 476504597 prime?
False
Is 603397853 a composite number?
False
Is 37143259 composite?
True
Is 57515957 prime?
True
Is 38650471 a composite number?
False
Is 126163843 composite?
True
Is 65783467 composite?
True
Is 18495947 a composite number?
False
Is 77793169 a composite number?
False
Is 835224751 prime?
True
Is 3349999 prime?
True
Is 3758507 prime?
True
Is 1791773 a prime number?
True
Is 36575083 a prime number?
False
Is 6036769 composite?
False
Is 16310831 prime?
True
Is 27194731 a prime number?
False
Is 538457421 composit